ed by 8413.
4304
Calculate the remainder when 95384446 is divided by 82.
78
What is the remainder when 33683 is divided by 4445?
2568
Calculate the remainder when 4568049 is divided by 25378.
9
What is the remainder when 922662 is divided by 168?
6
Calculate the remainder when 135854 is divided by 14730.
3284
Calculate the remainder when 41966379 is divided by 11239.
11192
Calculate the remainder when 34476 is divided by 11129.
1089
Calculate the remainder when 48315846 is divided by 8.
6
Calculate the remainder when 9654 is divided by 1151.
446
What is the remainder when 11519 is divided by 2750?
519
Calculate the remainder when 6180521 is divided by 25.
21
Calculate the remainder when 5441669 is divided by 11.
2
What is the remainder when 1092853 is divided by 218536?
173
What is the remainder when 3160082 is divided by 202?
196
What is the remainder when 1046420 is divided by 931?
907
What is the remainder when 123701 is divided by 12366?
41
Calculate the remainder when 384853 is divided by 192294.
265
Calculate the remainder when 541309 is divided by 1142.
1
What is the remainder when 38091827 is divided by 491?
47
What is the remainder when 16954664 is divided by 909?
905
What is the remainder when 24193768 is divided by 151211?
8
Calculate the remainder when 2322163 is divided by 194.
177
Calculate the remainder when 21713980 is divided by 420.
400
Calculate the remainder when 4317557 is divided by 1138.
1123
Calculate the remainder when 3251368 is divided by 46.
42
What is the remainder when 16378523 is divided by 4094609?
87
Calculate the remainder when 3114138 is divided by 6920.
138
Calculate the remainder when 728429 is divided by 1974.
23
Calculate the remainder when 20889223 is divided by 6013.
61
What is the remainder when 5517688 is divided by 337?
324
Calculate the remainder when 401855 is divided by 331.
21
What is the remainder when 67920578 is divided by 2785?
2783
Calculate the remainder when 503287 is divided by 41940.
7
What is the remainder when 3448033 is divided by 689601?
28
What is the remainder when 9315711 is divided by 1184?
1183
Calculate the remainder when 34382 is divided by 34215.
167
What is the remainder when 31470 is divided by 1751?
1703
Calculate the remainder when 720242 is divided by 509.
7
Calculate the remainder when 41200982 is divided by 21.
11
Calculate the remainder when 808436 is divided by 68.
52
Calculate the remainder when 37265507 is divided by 3077.
3037
Calculate the remainder when 249299 is divided by 249288.
11
Calculate the remainder when 3045015 is divided by 673.
363
What is the remainder when 31796 is divided by 10092?
1520
Calculate the remainder when 16206 is divided by 8085.
36
What is the remainder when 10772358 is divided by 7259?
2
What is the remainder when 3020 is divided by 427?
31
Calculate the remainder when 194728 is divided by 12166.
72
What is the remainder when 1619457 is divided by 73?
25
What is the remainder when 128418 is divided by 936?
186
What is the remainder when 2382263 is divided by 1191024?
215
What is the remainder when 359920 is divided by 179956?
8
What is the remainder when 799224 is divided by 13102?
2
What is the remainder when 173207 is divided by 170240?
2967
What is the remainder when 1390232 is divided by 879?
533
Calculate the remainder when 18142179 is divided by 207.
78
What is the remainder when 24293 is divided by 331?
130
Calculate the remainder when 2147923 is divided by 829.
813
Calculate the remainder when 754849 is divided by 123.
121
What is the remainder when 109867 is divided by 1176?
499
What is the remainder when 24871 is divided by 10888?
3095
Calculate the remainder when 51436879 is divided by 6.
1
What is the remainder when 90607173 is divided by 18?
15
Calculate the remainder when 87826 is divided by 2819.
437
Calculate the remainder when 1707894 is divided by 296.
270
What is the remainder when 42879 is divided by 1136?
847
What is the remainder when 283958 is divided by 1577?
98
Calculate the remainder when 1418138 is divided by 6009.
14
What is the remainder when 41978648 is divided by 10494651?
44
Calculate the remainder when 1503325 is divided by 167.
158
What is the remainder when 2943720 is divided by 1127?
1123
What is the remainder when 10560 is divided by 8?
0
Calculate the remainder when 49274157 is divided by 11.
9
Calculate the remainder when 23767234 is divided by 1339.
1323
Calculate the remainder when 66849 is divided by 7874.
3857
What is the remainder when 4586886 is divided by 138?
42
What is the remainder when 1633165 is divided by 611?
573
Calculate the remainder when 70800547 is divided by 359.
3
What is the remainder when 21599 is divided by 34?
9
What is the remainder when 240611 is divided by 3966?
2651
Calculate the remainder when 559826 is divided by 9680.
8066
What is the remainder when 55251 is divided by 55168?
83
Calculate the remainder when 5043544 is divided by 96.
88
What is the remainder when 4031581 is divided by 37?
24
Calculate the remainder when 73844590 is divided by 12.
10
Calculate the remainder when 14986481 is divided by 229.
34
Calculate the remainder when 496114 is divided by 3068.
2166
Calculate the remainder when 248166 is divided by 1495.
1491
What is the remainder when 31954419 is divided by 1879671?
12
What is the remainder when 190852 is divided by 8893?
4099
What is the remainder when 358781 is divided by 106?
77
What is the remainder when 869802 is divided by 217410?
162
What is the remainder when 55420 is divided by 2049?
97
What is the remainder when 1052714 is divided by 491?
10
What is the remainder when 457088 is divided by 177?
74
What is the remainder when 564018 is divided by 3223?
3216
What is the remainder when 335130 is divided by 10154?
48
What is the remainder when 61432 is divided by 61355?
77
Calculate the remainder when 33815 is divided by 332.
283
Calculate the remainder when 1998925 is divided by 110.
5
Calculate the remainder when 210507 is divided by 15.
12
What is the remainder when 3700587 is divided by 17964?
3
Calculate the remainder when 766478 is divided by 598.
440
Calculate the remainder when 32470 is divided by 215.
5
What is the remainder when 535714 is divided by 48692?
102
What is the remainder when 914811 is divided by 739?
668
Calculate the remainder when 393834 is divided by 5056.
4522
Calculate the remainder when 17993644 is divided by 1424.
1404
What is the remainder when 982530 is divided by 580?
10
Calculate the remainder when 30404 is divided by 9287.
2543
What is the remainder when 39260 is divided by 19539?
182
What is the remainder when 81167 is divided by 411?
200
Calculate the remainder when 1476016 is divided by 356.
40
What is the remainder when 29689 is divided by 18?
7
Calculate the remainder when 16287904 is divided by 191.
188
What is the remainder when 156006 is divided by 112?
102
What is the remainder when 339018 is divided by 392?
330
Calculate the remainder when 112751 is divided by 22369.
906
What is the remainder when 3413186 is divided by 15?
11
What is the remainder when 595369 is divided by 18034?
247
Calculate the remainder when 41793226 is divided by 287.
286
What is the remainder when 134993 is divided by 22498?
5
Calculate the remainder when 11274603 is divided by 49.
46
Calculate the remainder when 6765261 is divided by 3.
0
What is the remainder when 4584588 is divided by 168?
36
Calculate the remainder when 42611 is divided by 79.
30
What is the remainder when 733729 is divided by 82?
75
Calculate the remainder when 9863 is divided by 1663.
1548
What is the remainder when 74454013 is divided by 544?
541
Calculate the remainder when 240428 is divided by 120023.
382
Calculate the remainder when 569261 is divided by 94875.
11
Calculate the remainder when 5259234 is divided by 493.
403
Calculate the remainder when 7745917 is divided by 1549177.
32
Calculate the remainder when 280086111 is divided by 462.
459
What is the remainder when 451234 is divided by 2413?
3
What is the remainder when 22291 is divided by 3149?
248
What is the remainder when 502424 is divided by 501194?
1230
Calculate the remainder when 7511300 is divided by 409.
15
What is the remainder when 8316747 is divided by 25?
22
Calculate the rem